 What are the prime factors of v?
5, 29
Let m be (1 + 1 - 3)*-5. Suppose 0 = -m*j + 2*c + 570, -8*j - 5*c = -10*j + 249. What are the prime factors of j?
2, 7
Suppose 3*x + u = -957, -4*u - 1595 = 5*x - 3*u. Let i = x + 226. What are the prime factors of (1*2)/((-6)/i)?
31
Let i(g) = -9*g - 6. Let p be i(-2). Suppose 0 = 38*a - 39*a - p. Let z = 39 + a. What are the prime factors of z?
3
Suppose 15 = 11*s + 4. List the prime factors of 70/(-25)*(-1 + -45 + s).
2, 3, 7
Suppose 5*g - 115 = 5*t, 97 + 8 = -5*t + 3*g. Let w = -27 - t. Let u = 5 - w. List the prime factors of u.
2, 7
Suppose -5*n - 33 = -33. Suppose n = -26*v + 25*v + 127. What are the prime factors of v?
127
Let u(n) = 7*n**2 + 21*n - 14. List the prime factors of u(-9).
2, 7, 13
Let z(y) = y. Let w = 19 + -18. Let h be z(w). What are the prime factors of (h - 2) + 3 - -13?
3, 5
Let s = -15 - -20. Suppose -s*w - 14 = -64. Let y = 26 - w. List the prime factors of y.
2
Let w be (-3)/(9/105) - -3. Let r = w + 36. Suppose -3*j + i + 96 = 0, -4*j + 1 + 111 = r*i. List the prime factors of j.
31
Let r(x) = 5*x**2 + 14*x + 4. Let j(d) = -4*d**2 - 15*d - 5. Let g(w) = 6*j(w) + 7*r(w). List the prime factors of g(-4).
2, 71
Let b = -118 - -134. Suppose 10*p = 6*p + b. List the prime factors of p.
2
Let v = -10 + 11. Let c be (4 - v)*(-10)/(-6). Suppose -3*m + 32 = -c*z, -5*z + 6*z - 4 = -2*m. What are the prime factors of m?
2
Suppose 12725 = 15*w - 6160. What are the prime factors of w?
1259
Let t = -165 - 100. Let a = t - -472. List the prime factors of a.
3, 23
Let m(j) = -j - 4. Let n be 3/2 - (-42)/4. Suppose 2 + n = -2*w. What are the prime factors of m(w)?
3
Let t(o) = o**3 - 11*o**2 + 10*o - 3. Let y be t(10). List the prime factors of 1 - 363*2/y.
3
Suppose -4*n - 2*k = -16, -4*n + k = -n - 2. Suppose -2*u = n*w - 22, -5*u + 6 + 42 = 4*w. What are the prime factors of w?
7
Suppose -14 - 5 = 5*f + 3*o, -3*o - 9 = 0. What are the prime factors of 1*(-3 + 82*(-1 - f))?
79
Let b be (5 + -7)*((-1)/2 + 2). What are the prime factors of 0 + (51 - b) - -4?
2, 29
Let h(f) = -107*f**2 + 5*f + 10. Let y be h(-2). Let s = 599 + y. List the prime factors of s.
3, 19
Let y = 732 - -3821. What are the prime factors of y?
29, 157
Suppose -910 = -3*f - 112. List the prime factors of f.
2, 7, 19
What are the prime factors of ((-187)/(-3))/(1/9)?
3, 11, 17
Suppose -4*z - 20 = 4. Let j = z + 25. List the prime factors of j.
19
What are the prime factors of (-709046)/(-195) + -11 + (-4)/30?
5, 29
Let j = -19 - -22. Suppose 6 = 6*l - j*l, -2*p - 4*l = -66. Suppose -2*g = 4*d - 110, -g + 51 = 3*d - p. What are the prime factors of d?
5
Let m be ((-15)/(-6))/(2/60). Suppose -5*z + 8*z - m = 0. List the prime factors of z.
5
Suppose 0 = m + 2*p - 847 + 196, -5*m + 2*p = -3267. List the prime factors of m.
653
Let m(q) = -10*q + 12. Let s(i) = -i**3 - 8*i**2 - 5*i + 5. Let g be s(-7). List the prime factors of m(g).
2, 3, 17
Suppose 0 = h - 4*h - 30. Let x(n) = 4 - 5*n**3 + 4*n**2 + 4*n**3 - 9*n**2 + 10*n - 4*n**2. List the prime factors of x(h).
2
What are the prime factors of (14319 - 9)/6 - -7?
2, 13, 23
Let j be -5*(-1 + 3 + -3). Suppose -4*h = -4*p + 28, -2*h = 2*h + j*p + 64. Let f = h + 15. List the prime factors of f.
2
Let q(s) = -s**2 + 2*s + 7. Let v be q(-2). What are the prime factors of v/(-2)*(229 + -1)?
2, 3, 19
Let c be -8 + 4 + -2*13. List the prime factors of (-9 - -1)*c/6.
2, 5
Suppose v - 5 = -1. Suppose 3*w - v*t - 104 = 0, w = t + 2*t + 33. Let m = -21 + w. List the prime factors of m.
3, 5
List the prime factors of (4 - 8 - 121)*-5.
5
Let t be (3 - 4) + 2 + 0. What are the prime factors of (t/(1*-2))/((-12)/120)?
5
Let q(o) = 9*o**2 - 4*o + 2. Let p be q(4). Let n be (-1316)/7*2/(-8). Suppose -n - p = -3*f. List the prime factors of f.
59
Let k = 891 - 369. List the prime factors of k.
2, 3, 29
Suppose 4*s = 5*g + 2*s - 42, s + 1 = 0. Suppose m = -g*p + 3*p + 204, 0 = 4*p + 5*m - 159. List the prime factors of p.
41
Let v(g) = g**3 - 9*g**2 + 9*g - 3. Let h be v(8). Suppose -h*d = -2*z + 55, 5*z = -2*d - 3*d + 190. List the prime factors of z.
5, 7
Let n = 22 + -23. Let a(m) = 53*m**2 - m. What are the prime factors of a(n)?
2, 3
Let v be -661 + -1 + (-3 - -2) + -1. What are the prime factors of v/(-8) + 2/(-1)?
3
Suppose 2*o + 7 = 4*c - 3, o + 4*c = 25. Let b(g) = 16*g - 11. List the prime factors of b(o).
3, 23
Suppose 0 = 3*d - d - 312. Suppose -l + d = 3*l. Suppose 3*u = l - 15. What are the prime factors of u?
2
Suppose 3*y + 8*g - 6*g = -13, 5*y - 4*g + 7 = 0. Let s = 15 + y. Suppose s = 2*u - u. List the prime factors of u.
2, 3
Suppose 3*w - 2*y = -4*y + 1074, -3*w + 4*y = -1092. What are the prime factors of w?
2, 3, 5
Let b(r) = -94*r**3 + r**2 + 5*r - 3. What are the prime factors of b(-2)?
743
Let s = 671 - 393. What are the prime factors of s?
2, 139
Suppose 0*f = -3*f + 3*p + 15, f - 3*p = 5. Suppose -7*y + f*y = -184. What are the prime factors of y?
2, 23
Let d(m) = -52*m + 538. What are the prime factors of d(-26)?
2, 3, 5, 7
Let i(z) = 39*z - 74. List the prime factors of i(21).
5, 149
Let g(i) = i**2 - i + 19. Let k be g(-20). Suppose 2*o - k = 5. What are the prime factors of o?
2, 3, 37
Suppose -4*w - 1916 = 212. What are the prime factors of -1 + (-2)/(-5) + w/(-20)?
2, 13
Suppose -511*r - 4158 = -517*r. What are the prime factors of r?
3, 7, 11
What are the prime factors of 286*(3*12/8 + -3)?
3, 11, 13
What are the prime factors of 32/(-40) - 1604/(-5)?
2, 5
Suppose a = 5*o - 19, 2*o + 0*o - 5*a - 26 = 0. Let s(x) = -3*x**2 - x**3 - 6 + 5*x - 5 + 12*x**2 - o*x. What are the prime factors of s(9)?
7
Let j(h) = -3*h**3 + h. Let f be j(-1). Suppose -m = f*m. Suppose 4*c - 115 + 27 = m. What are the prime factors of c?
2, 11
Suppose -22220 = -4*m - 4*t, 3*t - 16296 = -4*m + 5925. List the prime factors of m.
2, 3, 463
Let q(t) = t**3 - 3*t**2 - 3*t - 1. Let a be q(5). Let p = a + -3. List the prime factors of p.
31
Suppose 0 = 2*m - 4*i - 372, 0 = 5*i + 12 + 3. Suppose -m = -5*j + 4*f - 7*f, -5*j + 2*f + 205 = 0. What are the prime factors of j?
3, 13
Let m = -22 + 25. Suppose 2*f - 70 = -3*w, -5*w - m*f = 2*f - 120. List the prime factors of w.
2, 11
What are the prime factors of 2/13 + (-337950)/(-325)?
2, 5, 13
Suppose 9*w + 1884 + 6 = 0. What are the prime factors of (1 - w/8)/(5/20)?
109
Let p(y) = -20*y - 48 + 27*y - 27*y. List the prime factors of p(-9).
2, 3, 11
Let b(w) = -w**2 + 6*w - 1. Let r be b(7). Let i = 24 - r. List the prime factors of i.
2
Suppose -r - 2*q - 5630 = -6*r, 4*r + 2*q = 4504. What are the prime factors of r?
2, 563
Suppose 0 = 7*z - 1345 - 1462. List the prime factors of z.
401
Suppose -1188 = -k - 5*k. Let d = k - 141. List the prime factors of d.
3, 19
Let y be ((-244)/10)/((-6)/30). Let v = 93 + -40. Let n = y - v. What are the prime factors of n?
3, 23
Suppose 4*i + 69 = -67. List the prime factors of i/(-221) - 2232/(-26).
2, 43
Suppose -a - 556 = -3*g, 3*g + 2*a - 728 = -g. Let z = -79 + g. List the prime factors of z.
3, 5, 7
Suppose l + 50 = -3*v - l, l + 4 = 0. Let t(p) = -p + 14. What are the prime factors of t(v)?
2, 7
Let c = -18 + 123. List the prime factors of c.
3, 5, 7
Let i(w) be the third derivative of -w**6/120 - w**5/15 - 5*w**4/24 + 7*w**3/6 - 7*w**2. Let a be i(-6). Let u = a - 67. List the prime factors of u.
2, 3, 7
Let c = 3138 - -249. List the prime factors of c.
3, 1129
Let w be 2/6 - 10/(-6). Suppose w*b = 3*c + 32, b = 2*b + 5*c - 42. List the prime factors of b.
2, 11
Suppose -y + 2 = -0. Suppose -5 = -y*j + 9. Suppose 30 = 2*l + 2*g, -31 = -2*l + 2*g + j. What are the prime factors of l?
17
List the prime factors of (-93)/62 - 1842/(-4).
3, 17
Let q(t) = -t + 9. Let z be q(6). Suppose -2*k + 310 = z*d, 758 = 5*k - d - 0*d. List the prime factors of k.
2, 19
Let r be (-160)/(-15) - (-1)/3. Let g(m) = 2*m + 3. What are the prime factors of g(r)?
5
Suppose 5*r + f - 5 = 0, -r = 2*r + 3*f + 9. Suppose r*n = -16 + 280. List the prime factors of n.
2, 3, 11
Suppose -5*v + 3*s = -2310, 0*v - 5*s = 2*v - 924. Suppose -2*r + 448 = -2*h, -3*h = 2*r + 2*h - v. List the prime factors of r.
2, 113
Let f(z) = 12*z**2 - 4*z - 67. List the prime factors of f(-4).
3, 47
Suppose -30 = 3*j + 33. What are the prime f